e remainder when 296 is divided by 32?
8
Calculate the remainder when 165 is divided by 50.
15
Calculate the remainder when 278 is divided by 20.
18
What is the remainder when 223 is divided by 12?
7
What is the remainder when 378 is divided by 29?
1
What is the remainder when 1561 is divided by 71?
70
What is the remainder when 210 is divided by 40?
10
What is the remainder when 1062 is divided by 28?
26
Calculate the remainder when 1468 is divided by 49.
47
Calculate the remainder when 474 is divided by 124.
102
What is the remainder when 14216 is divided by 7?
6
What is the remainder when 885 is divided by 43?
25
Calculate the remainder when 1469 is divided by 142.
49
What is the remainder when 53 is divided by 7?
4
Calculate the remainder when 313 is divided by 16.
9
Calculate the remainder when 2088 is divided by 17.
14
Calculate the remainder when 222 is divided by 91.
40
What is the remainder when 6452 is divided by 307?
5
Calculate the remainder when 1765 is divided by 177.
172
Calculate the remainder when 11545 is divided by 679.
2
Calculate the remainder when 128 is divided by 92.
36
What is the remainder when 297 is divided by 12?
9
Calculate the remainder when 65 is divided by 34.
31
Calculate the remainder when 106 is divided by 47.
12
What is the remainder when 6870 is divided by 168?
150
What is the remainder when 4079 is divided by 85?
84
Calculate the remainder when 166 is divided by 95.
71
What is the remainder when 138 is divided by 36?
30
Calculate the remainder when 70 is divided by 61.
9
What is the remainder when 358 is divided by 88?
6
What is the remainder when 74 is divided by 10?
4
What is the remainder when 12346 is divided by 126?
124
Calculate the remainder when 2249 is divided by 61.
53
Calculate the remainder when 82 is divided by 9.
1
Calculate the remainder when 2696 is divided by 31.
30
What is the remainder when 183 is divided by 181?
2
Calculate the remainder when 1925 is divided by 107.
106
Calculate the remainder when 443 is divided by 90.
83
Calculate the remainder when 162 is divided by 132.
30
What is the remainder when 218 is divided by 49?
22
Calculate the remainder when 1069 is divided by 51.
49
What is the remainder when 796 is divided by 200?
196
Calculate the remainder when 525 is divided by 22.
19
Calculate the remainder when 540 is divided by 16.
12
What is the remainder when 702 is divided by 37?
36
Calculate the remainder when 985 is divided by 198.
193
Calculate the remainder when 75 is divided by 40.
35
Calculate the remainder when 827 is divided by 50.
27
What is the remainder when 156 is divided by 79?
77
Calculate the remainder when 823 is divided by 126.
67
Calculate the remainder when 189 is divided by 22.
13
Calculate the remainder when 2626 is divided by 375.
1
What is the remainder when 103 is divided by 50?
3
Calculate the remainder when 134 is divided by 10.
4
Calculate the remainder when 1854 is divided by 267.
252
What is the remainder when 5810 is divided by 19?
15
What is the remainder when 1201 is divided by 199?
7
What is the remainder when 355 is divided by 173?
9
Calculate the remainder when 78 is divided by 11.
1
Calculate the remainder when 1136 is divided by 190.
186
What is the remainder when 1941 is divided by 214?
15
Calculate the remainder when 189 is divided by 127.
62
What is the remainder when 711 is divided by 102?
99
What is the remainder when 440 is divided by 17?
15
Calculate the remainder when 609 is divided by 191.
36
What is the remainder when 258 is divided by 122?
14
What is the remainder when 390 is divided by 96?
6
What is the remainder when 282 is divided by 95?
92
What is the remainder when 1149 is divided by 18?
15
Calculate the remainder when 21613 is divided by 16.
13
Calculate the remainder when 314 is divided by 118.
78
What is the remainder when 60 is divided by 31?
29
What is the remainder when 230 is divided by 141?
89
What is the remainder when 825 is divided by 118?
117
Calculate the remainder when 142 is divided by 67.
8
What is the remainder when 258 is divided by 88?
82
Calculate the remainder when 1946 is divided by 150.
146
Calculate the remainder when 3068 is divided by 32.
28
What is the remainder when 862 is divided by 838?
24
Calculate the remainder when 106 is divided by 3.
1
What is the remainder when 3848 is divided by 154?
152
Calculate the remainder when 10123 is divided by 26.
9
What is the remainder when 64 is divided by 34?
30
What is the remainder when 3437 is divided by 491?
0
Calculate the remainder when 45 is divided by 24.
21
What is the remainder when 729 is divided by 147?
141
Calculate the remainder when 94 is divided by 19.
18
Calculate the remainder when 67 is divided by 55.
12
What is the remainder when 859 is divided by 9?
4
Calculate the remainder when 63 is divided by 23.
17
What is the remainder when 4502 is divided by 281?
6
Calculate the remainder when 2998 is divided by 10.
8
What is the remainder when 216 is divided by 64?
24
What is the remainder when 3027 is divided by 56?
3
What is the remainder when 1020 is divided by 146?
144
What is the remainder when 1030 is divided by 509?
12
What is the remainder when 5765 is divided by 79?
77
What is the remainder when 67 is divided by 39?
28
What is the remainder when 831 is divided by 403?
25
Calculate the remainder when 642 is divided by 221.
200
Calculate the remainder when 135 is divided by 59.
17
What is the remainder when 4689 is divided by 35?
34
What is the remainder when 338 is divided by 250?
88
Calculate the remainder when 346 is divided by 39.
34
Calculate the remainder when 698 is divided by 71.
59
Calculate the remainder when 525 is divided by 88.
85
What is the remainder when 2752 is divided by 1353?
46
Calculate the remainder when 307 is divided by 105.
97
Calculate the remainder when 58 is divided by 24.
10
What is the remainder when 36 is divided by 26?
10
Calculate the remainder when 346 is divided by 108.
22
Calculate the remainder when 8082 is divided by 43.
41
What is the remainder when 136 is divided by 37?
25
What is the remainder when 558 is divided by 184?
6
Calculate the remainder when 231 is divided by 81.
69
What is the remainder when 575 is divided by 58?
53
Calculate the remainder when 8276 is divided by 89.
88
What is the remainder when 4949 is divided by 45?
44
What is the remainder when 9278 is divided by 160?
158
Calculate the remainder when 605 is divided by 101.
100
What is the remainder when 3468 is divided by 31?
27
What is the remainder when 1256 is divided by 30?
26
Calculate the remainder when 139 is divided by 43.
10
Calculate the remainder when 963 is divided by 238.
11
Calculate the remainder when 31 is divided by 14.
3
What is the remainder when 711 is divided by 78?
9
Calculate the remainder when 681 is divided by 53.
45
Calculate the remainder when 25 is divided by 21.
4
What is the remainder when 94 is divided by 61?
33
What is the remainder when 301 is divided by 62?
53
What is the remainder when 1243 is divided by 33?
22
Calculate the remainder when 884 is divided by 289.
17
Calculate the remainder when 3509 is divided by 160.
149
Calculate the remainder when 146 is divided by 39.
29
What is the remainder when 230 is divided by 20?
10
Calculate the remainder when 6558 is divided by 160.
158
What is the remainder when 428 is divided by 33?
32
What is the remainder when 149 is divided by 41?
26
What is the remainder when 270 is divided by 25?
20
What is the remainder when 110 is divided by 25?
10
What is the remainder when 77 is divided by 64?
13
Calculate the remainder when 1118 is divided by 163.
140
What is the remainder when 395 is divided by 95?
15
What is the remainder when 74 is divided by 13?
9
What is the remainder when 133 is divided by 23?
18
Calculate the remainder when 921 is divided by 6.
3
What is the remainder when 163 is divided by 70?
23
What is the remainder when 81 is divided by 70?
11
Calculate the remainder when 173 is divided by 8.
5
What is the remainder when 1208 is divided by 64?
56
What is the remainder when 1846 is divided by 59?
17
What is the remainder when 4918 is divided by 2454?
10
What is the remainder when 326 is divided by 11?
7
Calculate the remainder when 1290 is divided